{"id":1657,"date":"2022-04-19T16:12:45","date_gmt":"2022-04-19T14:12:45","guid":{"rendered":"https:\/\/notariadepego.com\/blog\/"},"modified":"2022-04-29T11:21:59","modified_gmt":"2022-04-29T09:21:59","slug":"blog","status":"publish","type":"page","link":"https:\/\/notariadepego.com\/val\/blog\/","title":{"rendered":"Blog"},"content":{"rendered":"<article class=\"post-1515 type-post status-draft format-standard has-post-thumbnail hentry category-sin-categoria \"><a itemprop=\"url\" href=\"https:\/\/notariadepego.com\/documentacion-vender-piso\/\" target=\"_self\" rel=\"noopener\"><img decoding=\"async\" itemprop=\"image\" src=\"https:\/\/notariadepego.com\/wp-content\/uploads\/2022\/04\/vender-piso-documentacion.jpg\"><\/a><\/p>\n<h5 itemprop=\"name\"><a itemprop=\"url\" href=\"https:\/\/notariadepego.com\/documentacion-vender-piso\/\">\u00bfQu\u00e9 documentaci\u00f3n debemos llevar a la notar\u00eda a la hora de vender un piso?<\/a><\/h5>\n<p itemprop=\"description\">El \u00faltimo paso para vender un piso se produce el d\u00eda de la firma de la compra de la nueva propiedad en la notar\u00eda. En este momento, el vendedor debe presentar toda la documentaci\u00f3n relacionada con la vivienda ante notario. A continuaci\u00f3n, vamos a indicar&#8230;&#8230;<\/p>\n<p>19 abril, 2022<meta itemprop=\"interactionCount\" content=\"UserComments: <?php echo get_comments_number(qode_get_page_id()); ?>&#8220;> \/ <a itemprop=\"url\" href=\"https:\/\/notariadepego.com\/documentacion-vender-piso\/#respond\">No comment<\/a><\/p>\n<\/article>\n","protected":false},"excerpt":{"rendered":"<p>\u00bfQu\u00e9 documentaci\u00f3n debemos llevar a la notar\u00eda a la hora de vender un piso? El \u00faltimo paso para vender un piso se produce el d\u00eda de la firma de la compra de la nueva propiedad en la notar\u00eda. En este momento, el vendedor debe presentar&#8230;<\/p>\n","protected":false},"author":1,"featured_media":0,"parent":0,"menu_order":0,"comment_status":"closed","ping_status":"closed","template":"","meta":{"footnotes":""},"class_list":["post-1657","page","type-page","status-publish","hentry"],"yoast_head":"<!-- This site is optimized with the Yoast SEO plugin v27.2 - https:\/\/yoast.com\/product\/yoast-seo-wordpress\/ -->\n<title>Blog - Notar\u00eda de Pego<\/title>\n<meta name=\"robots\" content=\"index, follow, max-snippet:-1, max-image-preview:large, max-video-preview:-1\" \/>\n<link rel=\"canonical\" href=\"https:\/\/notariadepego.com\/val\/blog\/\" \/>\n<meta property=\"og:locale\" content=\"en_US\" \/>\n<meta property=\"og:type\" content=\"article\" \/>\n<meta property=\"og:title\" content=\"Blog - Notar\u00eda de Pego\" \/>\n<meta property=\"og:description\" content=\"\u00bfQu\u00e9 documentaci\u00f3n debemos llevar a la notar\u00eda a la hora de vender un piso? El \u00faltimo paso para vender un piso se produce el d\u00eda de la firma de la compra de la nueva propiedad en la notar\u00eda. En este momento, el vendedor debe presentar...\" \/>\n<meta property=\"og:url\" content=\"https:\/\/notariadepego.com\/val\/blog\/\" \/>\n<meta property=\"og:site_name\" content=\"Notar\u00eda de Pego\" \/>\n<meta property=\"article:modified_time\" content=\"2022-04-29T09:21:59+00:00\" \/>\n<meta property=\"og:image\" content=\"https:\/\/notariadepego.com\/wp-content\/uploads\/2022\/04\/vender-piso-documentacion.jpg\" \/>\n<meta name=\"twitter:card\" content=\"summary_large_image\" \/>\n<script type=\"application\/ld+json\" class=\"yoast-schema-graph\">{\"@context\":\"https:\/\/schema.org\",\"@graph\":[{\"@type\":\"WebPage\",\"@id\":\"https:\/\/notariadepego.com\/val\/blog\/\",\"url\":\"https:\/\/notariadepego.com\/val\/blog\/\",\"name\":\"Blog - Notar\u00eda de Pego\",\"isPartOf\":{\"@id\":\"https:\/\/notariadepego.com\/val\/#website\"},\"primaryImageOfPage\":{\"@id\":\"https:\/\/notariadepego.com\/val\/blog\/#primaryimage\"},\"image\":{\"@id\":\"https:\/\/notariadepego.com\/val\/blog\/#primaryimage\"},\"thumbnailUrl\":\"https:\/\/notariadepego.com\/wp-content\/uploads\/2022\/04\/vender-piso-documentacion.jpg\",\"datePublished\":\"2022-04-19T14:12:45+00:00\",\"dateModified\":\"2022-04-29T09:21:59+00:00\",\"breadcrumb\":{\"@id\":\"https:\/\/notariadepego.com\/val\/blog\/#breadcrumb\"},\"inLanguage\":\"val-es\",\"potentialAction\":[{\"@type\":\"ReadAction\",\"target\":[\"https:\/\/notariadepego.com\/val\/blog\/\"]}]},{\"@type\":\"ImageObject\",\"inLanguage\":\"val-es\",\"@id\":\"https:\/\/notariadepego.com\/val\/blog\/#primaryimage\",\"url\":\"https:\/\/notariadepego.com\/wp-content\/uploads\/2022\/04\/vender-piso-documentacion.jpg\",\"contentUrl\":\"https:\/\/notariadepego.com\/wp-content\/uploads\/2022\/04\/vender-piso-documentacion.jpg\"},{\"@type\":\"BreadcrumbList\",\"@id\":\"https:\/\/notariadepego.com\/val\/blog\/#breadcrumb\",\"itemListElement\":[{\"@type\":\"ListItem\",\"position\":1,\"name\":\"Portada\",\"item\":\"https:\/\/notariadepego.com\/val\/\"},{\"@type\":\"ListItem\",\"position\":2,\"name\":\"Blog\"}]},{\"@type\":\"WebSite\",\"@id\":\"https:\/\/notariadepego.com\/val\/#website\",\"url\":\"https:\/\/notariadepego.com\/val\/\",\"name\":\"Notar\u00eda de Pego\",\"description\":\"Notar\u00eda de pego - Manuel Garc\u00eda Guardiola\",\"publisher\":{\"@id\":\"https:\/\/notariadepego.com\/val\/#organization\"},\"potentialAction\":[{\"@type\":\"SearchAction\",\"target\":{\"@type\":\"EntryPoint\",\"urlTemplate\":\"https:\/\/notariadepego.com\/val\/?s={search_term_string}\"},\"query-input\":{\"@type\":\"PropertyValueSpecification\",\"valueRequired\":true,\"valueName\":\"search_term_string\"}}],\"inLanguage\":\"val-es\"},{\"@type\":\"Organization\",\"@id\":\"https:\/\/notariadepego.com\/val\/#organization\",\"name\":\"Notar\u00eda de Pego\",\"url\":\"https:\/\/notariadepego.com\/val\/\",\"logo\":{\"@type\":\"ImageObject\",\"inLanguage\":\"val-es\",\"@id\":\"https:\/\/notariadepego.com\/val\/#\/schema\/logo\/image\/\",\"url\":\"https:\/\/notariadepego.com\/wp-content\/uploads\/2022\/02\/logo-notaria-pego.png\",\"contentUrl\":\"https:\/\/notariadepego.com\/wp-content\/uploads\/2022\/02\/logo-notaria-pego.png\",\"width\":2513,\"height\":511,\"caption\":\"Notar\u00eda de Pego\"},\"image\":{\"@id\":\"https:\/\/notariadepego.com\/val\/#\/schema\/logo\/image\/\"}}]}<\/script>\n<!-- \/ Yoast SEO plugin. -->","yoast_head_json":{"title":"Blog - Notar\u00eda de Pego","robots":{"index":"index","follow":"follow","max-snippet":"max-snippet:-1","max-image-preview":"max-image-preview:large","max-video-preview":"max-video-preview:-1"},"canonical":"https:\/\/notariadepego.com\/val\/blog\/","og_locale":"en_US","og_type":"article","og_title":"Blog - Notar\u00eda de Pego","og_description":"\u00bfQu\u00e9 documentaci\u00f3n debemos llevar a la notar\u00eda a la hora de vender un piso? El \u00faltimo paso para vender un piso se produce el d\u00eda de la firma de la compra de la nueva propiedad en la notar\u00eda. En este momento, el vendedor debe presentar...","og_url":"https:\/\/notariadepego.com\/val\/blog\/","og_site_name":"Notar\u00eda de Pego","article_modified_time":"2022-04-29T09:21:59+00:00","og_image":[{"url":"https:\/\/notariadepego.com\/wp-content\/uploads\/2022\/04\/vender-piso-documentacion.jpg","type":"","width":"","height":""}],"twitter_card":"summary_large_image","schema":{"@context":"https:\/\/schema.org","@graph":[{"@type":"WebPage","@id":"https:\/\/notariadepego.com\/val\/blog\/","url":"https:\/\/notariadepego.com\/val\/blog\/","name":"Blog - Notar\u00eda de Pego","isPartOf":{"@id":"https:\/\/notariadepego.com\/val\/#website"},"primaryImageOfPage":{"@id":"https:\/\/notariadepego.com\/val\/blog\/#primaryimage"},"image":{"@id":"https:\/\/notariadepego.com\/val\/blog\/#primaryimage"},"thumbnailUrl":"https:\/\/notariadepego.com\/wp-content\/uploads\/2022\/04\/vender-piso-documentacion.jpg","datePublished":"2022-04-19T14:12:45+00:00","dateModified":"2022-04-29T09:21:59+00:00","breadcrumb":{"@id":"https:\/\/notariadepego.com\/val\/blog\/#breadcrumb"},"inLanguage":"val-es","potentialAction":[{"@type":"ReadAction","target":["https:\/\/notariadepego.com\/val\/blog\/"]}]},{"@type":"ImageObject","inLanguage":"val-es","@id":"https:\/\/notariadepego.com\/val\/blog\/#primaryimage","url":"https:\/\/notariadepego.com\/wp-content\/uploads\/2022\/04\/vender-piso-documentacion.jpg","contentUrl":"https:\/\/notariadepego.com\/wp-content\/uploads\/2022\/04\/vender-piso-documentacion.jpg"},{"@type":"BreadcrumbList","@id":"https:\/\/notariadepego.com\/val\/blog\/#breadcrumb","itemListElement":[{"@type":"ListItem","position":1,"name":"Portada","item":"https:\/\/notariadepego.com\/val\/"},{"@type":"ListItem","position":2,"name":"Blog"}]},{"@type":"WebSite","@id":"https:\/\/notariadepego.com\/val\/#website","url":"https:\/\/notariadepego.com\/val\/","name":"Notar\u00eda de Pego","description":"Notar\u00eda de pego - Manuel Garc\u00eda Guardiola","publisher":{"@id":"https:\/\/notariadepego.com\/val\/#organization"},"potentialAction":[{"@type":"SearchAction","target":{"@type":"EntryPoint","urlTemplate":"https:\/\/notariadepego.com\/val\/?s={search_term_string}"},"query-input":{"@type":"PropertyValueSpecification","valueRequired":true,"valueName":"search_term_string"}}],"inLanguage":"val-es"},{"@type":"Organization","@id":"https:\/\/notariadepego.com\/val\/#organization","name":"Notar\u00eda de Pego","url":"https:\/\/notariadepego.com\/val\/","logo":{"@type":"ImageObject","inLanguage":"val-es","@id":"https:\/\/notariadepego.com\/val\/#\/schema\/logo\/image\/","url":"https:\/\/notariadepego.com\/wp-content\/uploads\/2022\/02\/logo-notaria-pego.png","contentUrl":"https:\/\/notariadepego.com\/wp-content\/uploads\/2022\/02\/logo-notaria-pego.png","width":2513,"height":511,"caption":"Notar\u00eda de Pego"},"image":{"@id":"https:\/\/notariadepego.com\/val\/#\/schema\/logo\/image\/"}}]}},"_links":{"self":[{"href":"https:\/\/notariadepego.com\/val\/wp-json\/wp\/v2\/pages\/1657","targetHints":{"allow":["GET"]}}],"collection":[{"href":"https:\/\/notariadepego.com\/val\/wp-json\/wp\/v2\/pages"}],"about":[{"href":"https:\/\/notariadepego.com\/val\/wp-json\/wp\/v2\/types\/page"}],"author":[{"embeddable":true,"href":"https:\/\/notariadepego.com\/val\/wp-json\/wp\/v2\/users\/1"}],"replies":[{"embeddable":true,"href":"https:\/\/notariadepego.com\/val\/wp-json\/wp\/v2\/comments?post=1657"}],"version-history":[{"count":1,"href":"https:\/\/notariadepego.com\/val\/wp-json\/wp\/v2\/pages\/1657\/revisions"}],"predecessor-version":[{"id":1658,"href":"https:\/\/notariadepego.com\/val\/wp-json\/wp\/v2\/pages\/1657\/revisions\/1658"}],"wp:attachment":[{"href":"https:\/\/notariadepego.com\/val\/wp-json\/wp\/v2\/media?parent=1657"}],"curies":[{"name":"wp","href":"https:\/\/api.w.org\/{rel}","templated":true}]}}