{"id":1663,"date":"2022-04-01T08:52:54","date_gmt":"2022-04-01T06:52:54","guid":{"rendered":"https:\/\/notariadepego.com\/politica-de-privadesa\/"},"modified":"2022-04-29T12:05:01","modified_gmt":"2022-04-29T10:05:01","slug":"politica-de-privadesa","status":"publish","type":"page","link":"https:\/\/notariadepego.com\/val\/politica-de-privadesa\/","title":{"rendered":"Pol\u00edtica de privadesa"},"content":{"rendered":"\t\t<div data-elementor-type=\"wp-page\" data-elementor-id=\"1663\" class=\"elementor elementor-1663 elementor-1190\">\n\t\t\t\t\t\t<section class=\"elementor-section elementor-top-section elementor-element elementor-element-7d06629 elementor-section-boxed elementor-section-height-default elementor-section-height-default parallax_section_no qode_elementor_container_no\" data-id=\"7d06629\" data-element_type=\"section\">\n\t\t\t\t\t\t<div class=\"elementor-container elementor-column-gap-default\">\n\t\t\t\t\t<div class=\"elementor-column elementor-col-100 elementor-top-column elementor-element elementor-element-fc4978a\" data-id=\"fc4978a\" data-element_type=\"column\">\n\t\t\t<div class=\"elementor-widget-wrap elementor-element-populated\">\n\t\t\t\t\t\t<div class=\"elementor-element elementor-element-91aadca elementor-widget elementor-widget-text-editor\" data-id=\"91aadca\" data-element_type=\"widget\" data-widget_type=\"text-editor.default\">\n\t\t\t\t<div class=\"elementor-widget-container\">\n\t\t\t\t\t\t\t\t\t<h2>INFORMACI\u00d3 SOBRE EL TRACTAMENT DE LES DADES DE CAR\u00c0CTER PERSONAL<\/h2><h5> <\/h5><h5>Protecci\u00f3 de dades de car\u00e0cter personal<\/h5><p> <\/p><p>En compliment de la Llei org\u00e0nica 3\/2018, de 5 de desembre, de <strong>protecci\u00f3 de dades personals<\/strong> i garantia dels drets digitals i del Reglament (UE) 201\/679 del Parlament Europeu i del Consell de 27 d&#8217;abril de 2016, relatiu a la protecci\u00f3 de les persones f\u00edsiques pel que fa al tractament de dades personals ia la lliure circulaci\u00f3 d&#8217;aquestes dades, Manuel Garc\u00eda Guardiola informa els usuaris que ha adoptat les mesures t\u00e8cniques i organitzatives d&#8217;acord amb el que disposa la normativa vigent, donant a con\u00e8ixer la seva pol\u00edtica de protecci\u00f3 de dades de car\u00e0cter personal perqu\u00e8 els usuaris determinin de forma expressa, lliure i volunt\u00e0ria si volen facilitar les dades personals a aquesta entitat.<\/p><p>S&#8217;informa als usuaris de la p\u00e0gina web que les seves dades personals seran incorporades a un fitxer automatitzat, denominat \u201cUsuaris web\u201d la titularitat i responsabilitat del qual ostenta Manuel Garc\u00eda Guardiola, amb domicili a l&#8217;Avinguda Jaume I n\u00fam. 7 03780 Pego (ALACANT). La recollida i tractament automatitzat de les dades de car\u00e0cter personal t\u00e9 com a finalitat el manteniment de la relaci\u00f3 contractual que si escau l&#8217;usuari estableixi amb Manuel Garc\u00eda Guardiola, aix\u00ed com l&#8217;exercici de les tasques d&#8217;informaci\u00f3, formaci\u00f3, comercialitzaci\u00f3 (tasca aquesta darrera sempre identificada com a tal) i altres activitats pr\u00f2pies de l&#8217;empresa. Les dades romandran al fitxer automatitzat durant un per\u00edode d&#8217;1 any, passat el qual es bloquejaran o, si escau, seran eliminades.<\/p><p><strong>Manuel Garc\u00eda Guardiola ha adoptat els nivells de seguretat adequats a les dades que es faciliten<\/strong> i, a m\u00e9s, s&#8217;han instal\u00b7lat tots els mitjans i mesures t\u00e8cniques al seu abast per evitar la p\u00e8rdua, mal \u00fas, alteraci\u00f3, acc\u00e9s no autoritzat i robatori de les dades que ens faciliten.<\/p><p>L&#8217;usuari garanteix que les dades facilitades s\u00f3n veraces i \u00e9s responsabilitat seva comunicar a Manuel Garc\u00eda Guardiola qualsevol modificaci\u00f3 que s&#8217;hi produeixi. Igualment assumir\u00e0 la responsabilitat per aportar dades falses, inexactes o incompletes.<\/p><p>L&#8217;usuari podr\u00e0, en tot moment, exercitar els drets d&#8217;acc\u00e9s, limitaci\u00f3 del tractament, oposici\u00f3, rectificaci\u00f3 i supressi\u00f3 mitjan\u00e7ant sol\u00b7licitud per escrit adre\u00e7ada a Manuel Garc\u00eda Guardiola, Avinguda Jaume I n\u00fam. 7 03780 Pego (ALACANT), Espanya o mitjan\u00e7ant correu electr\u00f2nic a notaria@notariamguardiola.com, fent constar que es tracta de l&#8217;exercici d&#8217;aquests drets sobre les dades contingudes en algun dels fitxers de Manuel Garc\u00eda Guardiola.<\/p><h5> <\/h5><h5>Propietat Intel\u00b7lectual<\/h5><p> <\/p><p>El codi font, els dissenys gr\u00e0fics, les imatges, les fotografies, els textos, aix\u00ed com la informaci\u00f3 i els continguts que es recullen a la web www.notariadepego.es pertanyent a Manuel Garc\u00eda Guardiola estan protegits per la legislaci\u00f3 espanyola sobre els drets de propietat intel\u00b7lectual i industrial a favor de denominaci\u00f3 social de l&#8217;empresa i <strong>no es permet la reproducci\u00f3 i\/o publicaci\u00f3, total o parcial, del lloc web, ni el seu tractament inform\u00e0tic, la seva distribuci\u00f3, la seva difusi\u00f3, ni la seva modificaci\u00f3, transformaci\u00f3 o descompilaci\u00f3<\/strong> , ni altres drets reconeguts legalment al seu titular, <strong>sense el perm\u00eds previ<\/strong> i per escrit del mateix, de Manuel Garc\u00eda Guardiola.<\/p><p>L&#8217;usuari, \u00fanica i exclusivament, pot utilitzar el material que aparegui en aquest lloc web per al seu <strong>\u00fas personal i privat, quedant prohibit el seu \u00fas amb finalitats comercials o per inc\u00f3rrer en activitats il\u00b7l\u00edcites .<\/strong> Tots els drets derivats de la propietat intel\u00b7lectual estan expressament reservats per Manuel Garcia Guardiola.<\/p><p>Manuel Garc\u00eda Guardiola vetllar\u00e0 pel compliment de les condicions anteriors com per la deguda utilitzaci\u00f3 dels continguts presentats a les seves p\u00e0gines web, exercitant totes les accions civils i penals que li corresponguin en el cas d&#8217;infracci\u00f3 o incompliment d&#8217;aquests drets per part de l&#8217;usuari.<\/p><p>Manuel Garc\u00eda Guardiola podr\u00e0 modificar, sense av\u00eds previ, la informaci\u00f3 continguda al seu lloc web, aix\u00ed com la seva configuraci\u00f3 i presentaci\u00f3.<\/p><p>Manuel Garc\u00eda Guardiola <strong>es compromet a trav\u00e9s d&#8217;aquest mitj\u00e0 a no fer publicitat enganyosa .<\/strong> A aquests efectes, per tant, no seran considerats com a publicitat enganyosa els errors formals o num\u00e8rics que puguin trobar-se al llarg del contingut de les diferents seccions del web de Manuel Garc\u00eda Guardiola, produ\u00efts com a conseq\u00fc\u00e8ncia d&#8217;un manteniment i\/o actualitzaci\u00f3 incompleta o defectuosa de la informaci\u00f3 continguda \u00e9s aquestes seccions. Manuel Garc\u00eda Guardiola, com a conseq\u00fc\u00e8ncia del que disposa aquest apartat, es compromet a corregir-ho tan aviat com tingui coneixement d&#8217;aquests errors.<\/p><p>Manuel Garc\u00eda Guardiola <strong>es compromet a no remetre comunicacions comercials sense consentiment ,<\/strong> conforme al que disposa la <strong>Llei 34\/2002 de Serveis de la Societat de la Informaci\u00f3 i de comer\u00e7 electr\u00f2nic .<\/strong> A aquests efectes no ser\u00e0 considerat com a comunicaci\u00f3 comercial tota la informaci\u00f3 que s&#8217;envi\u00ef als clients Manuel Garc\u00eda Guardiola sempre que tingui per finalitat el manteniment de la relaci\u00f3 contractual existent entre client i Manuel Garc\u00eda Guardiola, aix\u00ed com l&#8217;exercici de les tasques d&#8217;informaci\u00f3, formaci\u00f3 i altres activitats pr\u00f2pies del servei que el client t\u00e9 contractat amb l&#8217;empresa.<\/p><p>Manuel Garc\u00eda Guardiola <strong>no es fa responsable de l&#8217;incompliment de qualsevol norma aplicable<\/strong> en qu\u00e8 pugui inc\u00f3rrer l&#8217;usuari en l&#8217;acc\u00e9s al lloc web de l&#8217;empresa i\/o en l&#8217;\u00fas de les informacions que cont\u00e9.<\/p><p>Manuel Garc\u00eda Guardiola <strong>no ser\u00e0 responsable dels danys i perjudicis produ\u00efts o que puguin produir-se ,<\/strong>sigui quina sigui la seva naturalesa, que es derivin de l&#8217;\u00fas de la informaci\u00f3, de les mat\u00e8ries contingudes en aquest website i dels programes que incorpora. Els enlla\u00e7os (Links) i hipertext que possibilitin, a trav\u00e9s del lloc web de l&#8217;empresa, accedir a l&#8217;usuari a prestacions i serveis oferts per tercers, no pertanyen ni estan sota el control de Manuel Garc\u00eda Guardiola; aquesta entitat no es fa responsable ni de la informaci\u00f3 continguda en aquests, ni de la seva legalitat ni de qualssevol efectes que poguessin derivar-se daquesta informaci\u00f3.<\/p><p>Manuel Garc\u00eda Guardiola <strong>no es fa responsable de l&#8217;\u00fas il\u00b7leg\u00edtim que terceres persones<\/strong> puguin fer de la informaci\u00f3 publicada a aquest website. Tampoc no es responsabilitza de la integritat, veracitat i licitud del contingut dels enlla\u00e7os a les webs a qu\u00e8 es pugui accedir des de web de Manuel Garc\u00eda Guardiola <strong>no es responsabilitza dels virus<\/strong> que tinguin l&#8217;origen en una transmissi\u00f3 telem\u00e0tica infiltrats per terceres parts (per exemple , els macros de processadors de text, els applets de Java i els programes Active X), generats amb la finalitat d&#8217;obtenir resultats negatius per a un sistema inform\u00e0tic.<\/p><p>En definitiva, <strong>l&#8217;Usuari \u00e9s l&#8217;\u00fanic responsable de l&#8217;\u00fas que faci dels serveis, continguts, enlla\u00e7os (links) i hipertext<\/strong> inclosos al lloc web de l&#8217;empresa.<\/p><p>Es prohibeix la reproducci\u00f3 total o parcial dels continguts publicats a aquest website.<\/p>\t\t\t\t\t\t\t\t<\/div>\n\t\t\t\t<\/div>\n\t\t\t\t<div class=\"elementor-element elementor-element-4dbd224 elementor-widget elementor-widget-spacer\" data-id=\"4dbd224\" data-element_type=\"widget\" data-widget_type=\"spacer.default\">\n\t\t\t\t<div class=\"elementor-widget-container\">\n\t\t\t\t\t\t\t<div class=\"elementor-spacer\">\n\t\t\t<div class=\"elementor-spacer-inner\"><\/div>\n\t\t<\/div>\n\t\t\t\t\t\t<\/div>\n\t\t\t\t<\/div>\n\t\t\t\t\t<\/div>\n\t\t<\/div>\n\t\t\t\t\t<\/div>\n\t\t<\/section>\n\t\t\t\t<\/div>\n\t\t","protected":false},"excerpt":{"rendered":"<p>INFORMACI\u00d3 SOBRE EL TRACTAMENT DE LES DADES DE CAR\u00c0CTER PERSONAL Protecci\u00f3 de dades de car\u00e0cter personal En compliment de la Llei org\u00e0nica 3\/2018, de 5 de desembre, de protecci\u00f3 de dades personals i garantia dels drets digitals i del Reglament (UE) 201\/679 del Parlament Europeu&#8230;<\/p>\n","protected":false},"author":1,"featured_media":0,"parent":0,"menu_order":0,"comment_status":"closed","ping_status":"closed","template":"","meta":{"footnotes":""},"class_list":["post-1663","page","type-page","status-publish","hentry"],"yoast_head":"<!-- This site is optimized with the Yoast SEO plugin v27.2 - https:\/\/yoast.com\/product\/yoast-seo-wordpress\/ -->\n<title>Pol\u00edtica de privadesa - Notar\u00eda de Pego<\/title>\n<meta name=\"robots\" content=\"index, follow, max-snippet:-1, max-image-preview:large, max-video-preview:-1\" \/>\n<link rel=\"canonical\" href=\"https:\/\/notariadepego.com\/val\/politica-de-privadesa\/\" \/>\n<meta property=\"og:locale\" content=\"en_US\" \/>\n<meta property=\"og:type\" content=\"article\" \/>\n<meta property=\"og:title\" content=\"Pol\u00edtica de privadesa - Notar\u00eda de Pego\" \/>\n<meta property=\"og:description\" content=\"INFORMACI\u00d3 SOBRE EL TRACTAMENT DE LES DADES DE CAR\u00c0CTER PERSONAL Protecci\u00f3 de dades de car\u00e0cter personal En compliment de la Llei org\u00e0nica 3\/2018, de 5 de desembre, de protecci\u00f3 de dades personals i garantia dels drets digitals i del Reglament (UE) 201\/679 del Parlament Europeu...\" \/>\n<meta property=\"og:url\" content=\"https:\/\/notariadepego.com\/val\/politica-de-privadesa\/\" \/>\n<meta property=\"og:site_name\" content=\"Notar\u00eda de Pego\" \/>\n<meta property=\"article:modified_time\" content=\"2022-04-29T10:05:01+00:00\" \/>\n<meta property=\"og:image\" content=\"https:\/\/notariadepego.com\/wp-content\/uploads\/2022\/02\/logo-notario-pego.png\" \/>\n\t<meta property=\"og:image:width\" content=\"314\" \/>\n\t<meta property=\"og:image:height\" content=\"90\" \/>\n\t<meta property=\"og:image:type\" content=\"image\/png\" \/>\n<meta name=\"twitter:card\" content=\"summary_large_image\" \/>\n<meta name=\"twitter:label1\" content=\"Est. reading time\" \/>\n\t<meta name=\"twitter:data1\" content=\"6 minutes\" \/>\n<script type=\"application\/ld+json\" class=\"yoast-schema-graph\">{\"@context\":\"https:\/\/schema.org\",\"@graph\":[{\"@type\":\"WebPage\",\"@id\":\"https:\/\/notariadepego.com\/val\/politica-de-privadesa\/\",\"url\":\"https:\/\/notariadepego.com\/val\/politica-de-privadesa\/\",\"name\":\"Pol\u00edtica de privadesa - Notar\u00eda de Pego\",\"isPartOf\":{\"@id\":\"https:\/\/notariadepego.com\/val\/#website\"},\"datePublished\":\"2022-04-01T06:52:54+00:00\",\"dateModified\":\"2022-04-29T10:05:01+00:00\",\"breadcrumb\":{\"@id\":\"https:\/\/notariadepego.com\/val\/politica-de-privadesa\/#breadcrumb\"},\"inLanguage\":\"val-es\",\"potentialAction\":[{\"@type\":\"ReadAction\",\"target\":[\"https:\/\/notariadepego.com\/val\/politica-de-privadesa\/\"]}]},{\"@type\":\"BreadcrumbList\",\"@id\":\"https:\/\/notariadepego.com\/val\/politica-de-privadesa\/#breadcrumb\",\"itemListElement\":[{\"@type\":\"ListItem\",\"position\":1,\"name\":\"Portada\",\"item\":\"https:\/\/notariadepego.com\/val\/\"},{\"@type\":\"ListItem\",\"position\":2,\"name\":\"Pol\u00edtica de privadesa\"}]},{\"@type\":\"WebSite\",\"@id\":\"https:\/\/notariadepego.com\/val\/#website\",\"url\":\"https:\/\/notariadepego.com\/val\/\",\"name\":\"Notar\u00eda de Pego\",\"description\":\"Notar\u00eda de pego - Manuel Garc\u00eda Guardiola\",\"publisher\":{\"@id\":\"https:\/\/notariadepego.com\/val\/#organization\"},\"potentialAction\":[{\"@type\":\"SearchAction\",\"target\":{\"@type\":\"EntryPoint\",\"urlTemplate\":\"https:\/\/notariadepego.com\/val\/?s={search_term_string}\"},\"query-input\":{\"@type\":\"PropertyValueSpecification\",\"valueRequired\":true,\"valueName\":\"search_term_string\"}}],\"inLanguage\":\"val-es\"},{\"@type\":\"Organization\",\"@id\":\"https:\/\/notariadepego.com\/val\/#organization\",\"name\":\"Notar\u00eda de Pego\",\"url\":\"https:\/\/notariadepego.com\/val\/\",\"logo\":{\"@type\":\"ImageObject\",\"inLanguage\":\"val-es\",\"@id\":\"https:\/\/notariadepego.com\/val\/#\/schema\/logo\/image\/\",\"url\":\"https:\/\/notariadepego.com\/wp-content\/uploads\/2022\/02\/logo-notaria-pego.png\",\"contentUrl\":\"https:\/\/notariadepego.com\/wp-content\/uploads\/2022\/02\/logo-notaria-pego.png\",\"width\":2513,\"height\":511,\"caption\":\"Notar\u00eda de Pego\"},\"image\":{\"@id\":\"https:\/\/notariadepego.com\/val\/#\/schema\/logo\/image\/\"}}]}<\/script>\n<!-- \/ Yoast SEO plugin. -->","yoast_head_json":{"title":"Pol\u00edtica de privadesa - Notar\u00eda de Pego","robots":{"index":"index","follow":"follow","max-snippet":"max-snippet:-1","max-image-preview":"max-image-preview:large","max-video-preview":"max-video-preview:-1"},"canonical":"https:\/\/notariadepego.com\/val\/politica-de-privadesa\/","og_locale":"en_US","og_type":"article","og_title":"Pol\u00edtica de privadesa - Notar\u00eda de Pego","og_description":"INFORMACI\u00d3 SOBRE EL TRACTAMENT DE LES DADES DE CAR\u00c0CTER PERSONAL Protecci\u00f3 de dades de car\u00e0cter personal En compliment de la Llei org\u00e0nica 3\/2018, de 5 de desembre, de protecci\u00f3 de dades personals i garantia dels drets digitals i del Reglament (UE) 201\/679 del Parlament Europeu...","og_url":"https:\/\/notariadepego.com\/val\/politica-de-privadesa\/","og_site_name":"Notar\u00eda de Pego","article_modified_time":"2022-04-29T10:05:01+00:00","og_image":[{"width":314,"height":90,"url":"https:\/\/notariadepego.com\/wp-content\/uploads\/2022\/02\/logo-notario-pego.png","type":"image\/png"}],"twitter_card":"summary_large_image","twitter_misc":{"Est. reading time":"6 minutes"},"schema":{"@context":"https:\/\/schema.org","@graph":[{"@type":"WebPage","@id":"https:\/\/notariadepego.com\/val\/politica-de-privadesa\/","url":"https:\/\/notariadepego.com\/val\/politica-de-privadesa\/","name":"Pol\u00edtica de privadesa - Notar\u00eda de Pego","isPartOf":{"@id":"https:\/\/notariadepego.com\/val\/#website"},"datePublished":"2022-04-01T06:52:54+00:00","dateModified":"2022-04-29T10:05:01+00:00","breadcrumb":{"@id":"https:\/\/notariadepego.com\/val\/politica-de-privadesa\/#breadcrumb"},"inLanguage":"val-es","potentialAction":[{"@type":"ReadAction","target":["https:\/\/notariadepego.com\/val\/politica-de-privadesa\/"]}]},{"@type":"BreadcrumbList","@id":"https:\/\/notariadepego.com\/val\/politica-de-privadesa\/#breadcrumb","itemListElement":[{"@type":"ListItem","position":1,"name":"Portada","item":"https:\/\/notariadepego.com\/val\/"},{"@type":"ListItem","position":2,"name":"Pol\u00edtica de privadesa"}]},{"@type":"WebSite","@id":"https:\/\/notariadepego.com\/val\/#website","url":"https:\/\/notariadepego.com\/val\/","name":"Notar\u00eda de Pego","description":"Notar\u00eda de pego - Manuel Garc\u00eda Guardiola","publisher":{"@id":"https:\/\/notariadepego.com\/val\/#organization"},"potentialAction":[{"@type":"SearchAction","target":{"@type":"EntryPoint","urlTemplate":"https:\/\/notariadepego.com\/val\/?s={search_term_string}"},"query-input":{"@type":"PropertyValueSpecification","valueRequired":true,"valueName":"search_term_string"}}],"inLanguage":"val-es"},{"@type":"Organization","@id":"https:\/\/notariadepego.com\/val\/#organization","name":"Notar\u00eda de Pego","url":"https:\/\/notariadepego.com\/val\/","logo":{"@type":"ImageObject","inLanguage":"val-es","@id":"https:\/\/notariadepego.com\/val\/#\/schema\/logo\/image\/","url":"https:\/\/notariadepego.com\/wp-content\/uploads\/2022\/02\/logo-notaria-pego.png","contentUrl":"https:\/\/notariadepego.com\/wp-content\/uploads\/2022\/02\/logo-notaria-pego.png","width":2513,"height":511,"caption":"Notar\u00eda de Pego"},"image":{"@id":"https:\/\/notariadepego.com\/val\/#\/schema\/logo\/image\/"}}]}},"_links":{"self":[{"href":"https:\/\/notariadepego.com\/val\/wp-json\/wp\/v2\/pages\/1663","targetHints":{"allow":["GET"]}}],"collection":[{"href":"https:\/\/notariadepego.com\/val\/wp-json\/wp\/v2\/pages"}],"about":[{"href":"https:\/\/notariadepego.com\/val\/wp-json\/wp\/v2\/types\/page"}],"author":[{"embeddable":true,"href":"https:\/\/notariadepego.com\/val\/wp-json\/wp\/v2\/users\/1"}],"replies":[{"embeddable":true,"href":"https:\/\/notariadepego.com\/val\/wp-json\/wp\/v2\/comments?post=1663"}],"version-history":[{"count":1,"href":"https:\/\/notariadepego.com\/val\/wp-json\/wp\/v2\/pages\/1663\/revisions"}],"predecessor-version":[{"id":1664,"href":"https:\/\/notariadepego.com\/val\/wp-json\/wp\/v2\/pages\/1663\/revisions\/1664"}],"wp:attachment":[{"href":"https:\/\/notariadepego.com\/val\/wp-json\/wp\/v2\/media?parent=1663"}],"curies":[{"name":"wp","href":"https:\/\/api.w.org\/{rel}","templated":true}]}}